{"id":261,"date":"2025-03-20T17:25:46","date_gmt":"2025-03-20T17:25:46","guid":{"rendered":"https:\/\/medwegwun.bplaced.net\/?page_id=261"},"modified":"2025-04-04T08:08:11","modified_gmt":"2025-04-04T08:08:11","slug":"ich-bin-das-licht-der-welt","status":"publish","type":"page","link":"https:\/\/medwegwun.bplaced.net\/?page_id=261","title":{"rendered":"Ich bin das Licht der Welt"},"content":{"rendered":"\n<figure class=\"wp-block-image size-large\"><img loading=\"lazy\" decoding=\"async\" width=\"1024\" height=\"534\" src=\"https:\/\/medwegwun.bplaced.net\/wp-content\/uploads\/2025\/04\/licht-gesamt-1024x534.jpg\" alt=\"\" class=\"wp-image-374\" srcset=\"https:\/\/medwegwun.bplaced.net\/wp-content\/uploads\/2025\/04\/licht-gesamt-1024x534.jpg 1024w, https:\/\/medwegwun.bplaced.net\/wp-content\/uploads\/2025\/04\/licht-gesamt-300x156.jpg 300w, https:\/\/medwegwun.bplaced.net\/wp-content\/uploads\/2025\/04\/licht-gesamt-768x400.jpg 768w, https:\/\/medwegwun.bplaced.net\/wp-content\/uploads\/2025\/04\/licht-gesamt-1536x801.jpg 1536w, https:\/\/medwegwun.bplaced.net\/wp-content\/uploads\/2025\/04\/licht-gesamt.jpg 1725w\" sizes=\"auto, (max-width: 1024px) 100vw, 1024px\" \/><\/figure>\n\n\n\n<p class=\"has-black-color has-text-color has-link-color wp-elements-21c8702060136565f75c2e463b3fa495\"><em>gestaltet von Sch\u00fclerinnen und Sch\u00fclern der Grundschule Wunsiedel im Jahr 2023\/24<\/em><\/p>\n\n\n\n<p class=\"has-black-color has-text-color has-link-color wp-elements-30e9a1f8a5a4923389db34991523e3fa\"><strong>\u010ceska verze<\/strong>:<\/p>\n\n\n\n<p class=\"has-black-color has-text-color has-link-color wp-elements-7058b13791630802a0b75140169afeda\">Kdo m\u011b n\u00e1sleduje, nebude chodit ve tm\u011b, ale bude m\u00edt sv\u011btlo \u017eivota. U\u010dednictv\u00ed znamen\u00e1, \u017ee se po cel\u00fd \u017eivot sna\u017e\u00edme r\u016fst v p\u0159\u00e1telstv\u00ed s Je\u017e\u00ed\u0161em. K\u0159est polo\u017eil z\u00e1klad; na\u0161e k\u0159estn\u00ed sv\u00edce byla zap\u00e1lena od velikono\u010dn\u00ed sv\u00edce. I k\u0159es\u0165an zn\u00e1 temnotu \u017eivota, ale m\u016f\u017ee se spolehnout na to, \u017ee sv\u011btlo je siln\u011bj\u0161\u00ed. \u201eDr\u017ete se Kristova slova, a budete z\u00e1\u0159it jako sv\u011btla na sv\u011bt\u011b&#8220; &#8211; p\u00ed\u0161e svat\u00fd Pavel. V\u00ed, \u017ee k\u0159es\u0165an\u00e9 maj\u00ed z\u00e1\u0159i, kter\u00e1 se \u0161\u00ed\u0159\u00ed na ostatn\u00ed.<br><br><\/p>\n","protected":false},"excerpt":{"rendered":"<p>gestaltet von Sch\u00fclerinnen und Sch\u00fclern der Grundschule Wunsiedel im Jahr 2023\/24 \u010ceska verze: Kdo m\u011b n\u00e1sleduje, nebude chodit ve tm\u011b, ale bude m\u00edt sv\u011btlo \u017eivota&#8230;.<\/p>\n","protected":false},"author":1,"featured_media":356,"parent":63,"menu_order":6,"comment_status":"closed","ping_status":"closed","template":"","meta":{"footnotes":""},"class_list":["post-261","page","type-page","status-publish","has-post-thumbnail","hentry"],"yoast_head":"<!-- This site is optimized with the Yoast SEO plugin v27.5 - https:\/\/yoast.com\/product\/yoast-seo-wordpress\/ -->\n<title>Ich bin das Licht der Welt - \u00d6kumenischer Meditationsweg Wunsiedel<\/title>\n<meta name=\"robots\" content=\"index, follow, max-snippet:-1, max-image-preview:large, max-video-preview:-1\" \/>\n<link rel=\"canonical\" href=\"https:\/\/medwegwun.bplaced.net\/?page_id=261\" \/>\n<meta property=\"og:locale\" content=\"de_DE\" \/>\n<meta property=\"og:type\" content=\"article\" \/>\n<meta property=\"og:title\" content=\"Ich bin das Licht der Welt - \u00d6kumenischer Meditationsweg Wunsiedel\" \/>\n<meta property=\"og:description\" content=\"gestaltet von Sch\u00fclerinnen und Sch\u00fclern der Grundschule Wunsiedel im Jahr 2023\/24 \u010ceska verze: Kdo m\u011b n\u00e1sleduje, nebude chodit ve tm\u011b, ale bude m\u00edt sv\u011btlo \u017eivota....\" \/>\n<meta property=\"og:url\" content=\"https:\/\/medwegwun.bplaced.net\/?page_id=261\" \/>\n<meta property=\"og:site_name\" content=\"\u00d6kumenischer Meditationsweg Wunsiedel\" \/>\n<meta property=\"article:modified_time\" content=\"2025-04-04T08:08:11+00:00\" \/>\n<meta property=\"og:image\" content=\"https:\/\/medwegwun.bplaced.net\/wp-content\/uploads\/2025\/04\/symbol-licht.jpg\" \/>\n\t<meta property=\"og:image:width\" content=\"1264\" \/>\n\t<meta property=\"og:image:height\" content=\"1169\" \/>\n\t<meta property=\"og:image:type\" content=\"image\/jpeg\" \/>\n<meta name=\"twitter:card\" content=\"summary_large_image\" \/>\n<meta name=\"twitter:label1\" content=\"Gesch\u00e4tzte Lesezeit\" \/>\n\t<meta name=\"twitter:data1\" content=\"1\u00a0Minute\" \/>\n<script type=\"application\/ld+json\" class=\"yoast-schema-graph\">{\"@context\":\"https:\\\/\\\/schema.org\",\"@graph\":[{\"@type\":\"WebPage\",\"@id\":\"https:\\\/\\\/medwegwun.bplaced.net\\\/?page_id=261\",\"url\":\"https:\\\/\\\/medwegwun.bplaced.net\\\/?page_id=261\",\"name\":\"Ich bin das Licht der Welt - \u00d6kumenischer Meditationsweg Wunsiedel\",\"isPartOf\":{\"@id\":\"https:\\\/\\\/medwegwun.bplaced.net\\\/#website\"},\"primaryImageOfPage\":{\"@id\":\"https:\\\/\\\/medwegwun.bplaced.net\\\/?page_id=261#primaryimage\"},\"image\":{\"@id\":\"https:\\\/\\\/medwegwun.bplaced.net\\\/?page_id=261#primaryimage\"},\"thumbnailUrl\":\"https:\\\/\\\/medwegwun.bplaced.net\\\/wp-content\\\/uploads\\\/2025\\\/04\\\/symbol-licht.jpg\",\"datePublished\":\"2025-03-20T17:25:46+00:00\",\"dateModified\":\"2025-04-04T08:08:11+00:00\",\"breadcrumb\":{\"@id\":\"https:\\\/\\\/medwegwun.bplaced.net\\\/?page_id=261#breadcrumb\"},\"inLanguage\":\"de\",\"potentialAction\":[{\"@type\":\"ReadAction\",\"target\":[\"https:\\\/\\\/medwegwun.bplaced.net\\\/?page_id=261\"]}]},{\"@type\":\"ImageObject\",\"inLanguage\":\"de\",\"@id\":\"https:\\\/\\\/medwegwun.bplaced.net\\\/?page_id=261#primaryimage\",\"url\":\"https:\\\/\\\/medwegwun.bplaced.net\\\/wp-content\\\/uploads\\\/2025\\\/04\\\/symbol-licht.jpg\",\"contentUrl\":\"https:\\\/\\\/medwegwun.bplaced.net\\\/wp-content\\\/uploads\\\/2025\\\/04\\\/symbol-licht.jpg\",\"width\":1264,\"height\":1169},{\"@type\":\"BreadcrumbList\",\"@id\":\"https:\\\/\\\/medwegwun.bplaced.net\\\/?page_id=261#breadcrumb\",\"itemListElement\":[{\"@type\":\"ListItem\",\"position\":1,\"name\":\"Startseite\",\"item\":\"https:\\\/\\\/medwegwun.bplaced.net\\\/\"},{\"@type\":\"ListItem\",\"position\":2,\"name\":\"Die Elemente des Meditationsweges\",\"item\":\"https:\\\/\\\/medwegwun.bplaced.net\\\/?page_id=63\"},{\"@type\":\"ListItem\",\"position\":3,\"name\":\"Ich bin das Licht der Welt\"}]},{\"@type\":\"WebSite\",\"@id\":\"https:\\\/\\\/medwegwun.bplaced.net\\\/#website\",\"url\":\"https:\\\/\\\/medwegwun.bplaced.net\\\/\",\"name\":\"\u00d6kumenischer Meditationsweg Wunsiedel\",\"description\":\"Ein deutsch-tschechisches Projekt\",\"publisher\":{\"@id\":\"https:\\\/\\\/medwegwun.bplaced.net\\\/#organization\"},\"potentialAction\":[{\"@type\":\"SearchAction\",\"target\":{\"@type\":\"EntryPoint\",\"urlTemplate\":\"https:\\\/\\\/medwegwun.bplaced.net\\\/?s={search_term_string}\"},\"query-input\":{\"@type\":\"PropertyValueSpecification\",\"valueRequired\":true,\"valueName\":\"search_term_string\"}}],\"inLanguage\":\"de\"},{\"@type\":\"Organization\",\"@id\":\"https:\\\/\\\/medwegwun.bplaced.net\\\/#organization\",\"name\":\"\u00d6kumenischer Meditationsweg Wunsiedel\",\"url\":\"https:\\\/\\\/medwegwun.bplaced.net\\\/\",\"logo\":{\"@type\":\"ImageObject\",\"inLanguage\":\"de\",\"@id\":\"https:\\\/\\\/medwegwun.bplaced.net\\\/#\\\/schema\\\/logo\\\/image\\\/\",\"url\":\"https:\\\/\\\/medwegwun.bplaced.net\\\/wp-content\\\/uploads\\\/2025\\\/03\\\/P1070245-1024x768.jpg\",\"contentUrl\":\"https:\\\/\\\/medwegwun.bplaced.net\\\/wp-content\\\/uploads\\\/2025\\\/03\\\/P1070245-1024x768.jpg\",\"width\":1024,\"height\":768,\"caption\":\"\u00d6kumenischer Meditationsweg Wunsiedel\"},\"image\":{\"@id\":\"https:\\\/\\\/medwegwun.bplaced.net\\\/#\\\/schema\\\/logo\\\/image\\\/\"},\"sameAs\":[\"https:\\\/\\\/churchpool.de\"]}]}<\/script>\n<!-- \/ Yoast SEO plugin. -->","yoast_head_json":{"title":"Ich bin das Licht der Welt - \u00d6kumenischer Meditationsweg Wunsiedel","robots":{"index":"index","follow":"follow","max-snippet":"max-snippet:-1","max-image-preview":"max-image-preview:large","max-video-preview":"max-video-preview:-1"},"canonical":"https:\/\/medwegwun.bplaced.net\/?page_id=261","og_locale":"de_DE","og_type":"article","og_title":"Ich bin das Licht der Welt - \u00d6kumenischer Meditationsweg Wunsiedel","og_description":"gestaltet von Sch\u00fclerinnen und Sch\u00fclern der Grundschule Wunsiedel im Jahr 2023\/24 \u010ceska verze: Kdo m\u011b n\u00e1sleduje, nebude chodit ve tm\u011b, ale bude m\u00edt sv\u011btlo \u017eivota....","og_url":"https:\/\/medwegwun.bplaced.net\/?page_id=261","og_site_name":"\u00d6kumenischer Meditationsweg Wunsiedel","article_modified_time":"2025-04-04T08:08:11+00:00","og_image":[{"width":1264,"height":1169,"url":"https:\/\/medwegwun.bplaced.net\/wp-content\/uploads\/2025\/04\/symbol-licht.jpg","type":"image\/jpeg"}],"twitter_card":"summary_large_image","twitter_misc":{"Gesch\u00e4tzte Lesezeit":"1\u00a0Minute"},"schema":{"@context":"https:\/\/schema.org","@graph":[{"@type":"WebPage","@id":"https:\/\/medwegwun.bplaced.net\/?page_id=261","url":"https:\/\/medwegwun.bplaced.net\/?page_id=261","name":"Ich bin das Licht der Welt - \u00d6kumenischer Meditationsweg Wunsiedel","isPartOf":{"@id":"https:\/\/medwegwun.bplaced.net\/#website"},"primaryImageOfPage":{"@id":"https:\/\/medwegwun.bplaced.net\/?page_id=261#primaryimage"},"image":{"@id":"https:\/\/medwegwun.bplaced.net\/?page_id=261#primaryimage"},"thumbnailUrl":"https:\/\/medwegwun.bplaced.net\/wp-content\/uploads\/2025\/04\/symbol-licht.jpg","datePublished":"2025-03-20T17:25:46+00:00","dateModified":"2025-04-04T08:08:11+00:00","breadcrumb":{"@id":"https:\/\/medwegwun.bplaced.net\/?page_id=261#breadcrumb"},"inLanguage":"de","potentialAction":[{"@type":"ReadAction","target":["https:\/\/medwegwun.bplaced.net\/?page_id=261"]}]},{"@type":"ImageObject","inLanguage":"de","@id":"https:\/\/medwegwun.bplaced.net\/?page_id=261#primaryimage","url":"https:\/\/medwegwun.bplaced.net\/wp-content\/uploads\/2025\/04\/symbol-licht.jpg","contentUrl":"https:\/\/medwegwun.bplaced.net\/wp-content\/uploads\/2025\/04\/symbol-licht.jpg","width":1264,"height":1169},{"@type":"BreadcrumbList","@id":"https:\/\/medwegwun.bplaced.net\/?page_id=261#breadcrumb","itemListElement":[{"@type":"ListItem","position":1,"name":"Startseite","item":"https:\/\/medwegwun.bplaced.net\/"},{"@type":"ListItem","position":2,"name":"Die Elemente des Meditationsweges","item":"https:\/\/medwegwun.bplaced.net\/?page_id=63"},{"@type":"ListItem","position":3,"name":"Ich bin das Licht der Welt"}]},{"@type":"WebSite","@id":"https:\/\/medwegwun.bplaced.net\/#website","url":"https:\/\/medwegwun.bplaced.net\/","name":"\u00d6kumenischer Meditationsweg Wunsiedel","description":"Ein deutsch-tschechisches Projekt","publisher":{"@id":"https:\/\/medwegwun.bplaced.net\/#organization"},"potentialAction":[{"@type":"SearchAction","target":{"@type":"EntryPoint","urlTemplate":"https:\/\/medwegwun.bplaced.net\/?s={search_term_string}"},"query-input":{"@type":"PropertyValueSpecification","valueRequired":true,"valueName":"search_term_string"}}],"inLanguage":"de"},{"@type":"Organization","@id":"https:\/\/medwegwun.bplaced.net\/#organization","name":"\u00d6kumenischer Meditationsweg Wunsiedel","url":"https:\/\/medwegwun.bplaced.net\/","logo":{"@type":"ImageObject","inLanguage":"de","@id":"https:\/\/medwegwun.bplaced.net\/#\/schema\/logo\/image\/","url":"https:\/\/medwegwun.bplaced.net\/wp-content\/uploads\/2025\/03\/P1070245-1024x768.jpg","contentUrl":"https:\/\/medwegwun.bplaced.net\/wp-content\/uploads\/2025\/03\/P1070245-1024x768.jpg","width":1024,"height":768,"caption":"\u00d6kumenischer Meditationsweg Wunsiedel"},"image":{"@id":"https:\/\/medwegwun.bplaced.net\/#\/schema\/logo\/image\/"},"sameAs":["https:\/\/churchpool.de"]}]}},"_links":{"self":[{"href":"https:\/\/medwegwun.bplaced.net\/index.php?rest_route=\/wp\/v2\/pages\/261","targetHints":{"allow":["GET"]}}],"collection":[{"href":"https:\/\/medwegwun.bplaced.net\/index.php?rest_route=\/wp\/v2\/pages"}],"about":[{"href":"https:\/\/medwegwun.bplaced.net\/index.php?rest_route=\/wp\/v2\/types\/page"}],"author":[{"embeddable":true,"href":"https:\/\/medwegwun.bplaced.net\/index.php?rest_route=\/wp\/v2\/users\/1"}],"replies":[{"embeddable":true,"href":"https:\/\/medwegwun.bplaced.net\/index.php?rest_route=%2Fwp%2Fv2%2Fcomments&post=261"}],"version-history":[{"count":6,"href":"https:\/\/medwegwun.bplaced.net\/index.php?rest_route=\/wp\/v2\/pages\/261\/revisions"}],"predecessor-version":[{"id":378,"href":"https:\/\/medwegwun.bplaced.net\/index.php?rest_route=\/wp\/v2\/pages\/261\/revisions\/378"}],"up":[{"embeddable":true,"href":"https:\/\/medwegwun.bplaced.net\/index.php?rest_route=\/wp\/v2\/pages\/63"}],"wp:featuredmedia":[{"embeddable":true,"href":"https:\/\/medwegwun.bplaced.net\/index.php?rest_route=\/wp\/v2\/media\/356"}],"wp:attachment":[{"href":"https:\/\/medwegwun.bplaced.net\/index.php?rest_route=%2Fwp%2Fv2%2Fmedia&parent=261"}],"curies":[{"name":"wp","href":"https:\/\/api.w.org\/{rel}","templated":true}]}}

<figure class="wp-block-image size-large"><img loading="lazy" decoding="async" width="1024" height="534" src="https://medwegwun.bplaced.net/wp-content/uploads/2025/04/licht-gesamt-1024x534.jpg" alt="" class="wp-image-374" srcset="https://medwegwun.bplaced.net/wp-content/uploads/2025/04/licht-gesamt-1024x534.jpg 1024w, https://medwegwun.bplaced.net/wp-content/uploads/2025/04/licht-gesamt-300x156.jpg 300w, https://medwegwun.bplaced.net/wp-content/uploads/2025/04/licht-gesamt-768x400.jpg 768w, https://medwegwun.bplaced.net/wp-content/uploads/2025/04/licht-gesamt-1536x801.jpg 1536w, https://medwegwun.bplaced.net/wp-content/uploads/2025/04/licht-gesamt.jpg 1725w" sizes="auto, (max-width: 1024px) 100vw, 1024px" /></figure>



<p class="has-black-color has-text-color has-link-color wp-elements-21c8702060136565f75c2e463b3fa495"><em>gestaltet von Schülerinnen und Schülern der Grundschule Wunsiedel im Jahr 2023/24</em></p>



<p class="has-black-color has-text-color has-link-color wp-elements-30e9a1f8a5a4923389db34991523e3fa"><strong>Česka verze</strong>:</p>



<p class="has-black-color has-text-color has-link-color wp-elements-7058b13791630802a0b75140169afeda">Kdo mě následuje, nebude chodit ve tmě, ale bude mít světlo života. Učednictví znamená, že se po celý život snažíme růst v přátelství s Ježíšem. Křest položil základ; naše křestní svíce byla zapálena od velikonoční svíce. I křesťan zná temnotu života, ale může se spolehnout na to, že světlo je silnější. „Držte se Kristova slova, a budete zářit jako světla na světě&#8220; &#8211; píše svatý Pavel. Ví, že křesťané mají záři, která se šíří na ostatní.<br><br></p>

<p>gestaltet von Schülerinnen und Schülern der Grundschule Wunsiedel im Jahr 2023/24 Česka verze: Kdo mě následuje, nebude chodit ve tmě, ale bude mít světlo života&#8230;.</p>

<!-- This site is optimized with the Yoast SEO plugin v27.5 - https://yoast.com/product/yoast-seo-wordpress/ -->
<title>Ich bin das Licht der Welt - Ökumenischer Meditationsweg Wunsiedel</title>
<meta name="robots" content="index, follow, max-snippet:-1, max-image-preview:large, max-video-preview:-1" />
<link rel="canonical" href="https://medwegwun.bplaced.net/?page_id=261" />
<meta property="og:locale" content="de_DE" />
<meta property="og:type" content="article" />
<meta property="og:title" content="Ich bin das Licht der Welt - Ökumenischer Meditationsweg Wunsiedel" />
<meta property="og:description" content="gestaltet von Schülerinnen und Schülern der Grundschule Wunsiedel im Jahr 2023/24 Česka verze: Kdo mě následuje, nebude chodit ve tmě, ale bude mít světlo života...." />
<meta property="og:url" content="https://medwegwun.bplaced.net/?page_id=261" />
<meta property="og:site_name" content="Ökumenischer Meditationsweg Wunsiedel" />
<meta property="article:modified_time" content="2025-04-04T08:08:11+00:00" />
<meta property="og:image" content="https://medwegwun.bplaced.net/wp-content/uploads/2025/04/symbol-licht.jpg" />
	<meta property="og:image:width" content="1264" />
	<meta property="og:image:height" content="1169" />
	<meta property="og:image:type" content="image/jpeg" />
<meta name="twitter:card" content="summary_large_image" />
<meta name="twitter:label1" content="Geschätzte Lesezeit" />
	<meta name="twitter:data1" content="1 Minute" />
<script type="application/ld+json" class="yoast-schema-graph">{"@context":"https:\/\/schema.org","@graph":[{"@type":"WebPage","@id":"https:\/\/medwegwun.bplaced.net\/?page_id=261","url":"https:\/\/medwegwun.bplaced.net\/?page_id=261","name":"Ich bin das Licht der Welt - Ökumenischer Meditationsweg Wunsiedel","isPartOf":{"@id":"https:\/\/medwegwun.bplaced.net\/#website"},"primaryImageOfPage":{"@id":"https:\/\/medwegwun.bplaced.net\/?page_id=261#primaryimage"},"image":{"@id":"https:\/\/medwegwun.bplaced.net\/?page_id=261#primaryimage"},"thumbnailUrl":"https:\/\/medwegwun.bplaced.net\/wp-content\/uploads\/2025\/04\/symbol-licht.jpg","datePublished":"2025-03-20T17:25:46+00:00","dateModified":"2025-04-04T08:08:11+00:00","breadcrumb":{"@id":"https:\/\/medwegwun.bplaced.net\/?page_id=261#breadcrumb"},"inLanguage":"de","potentialAction":[{"@type":"ReadAction","target":["https:\/\/medwegwun.bplaced.net\/?page_id=261"]}]},{"@type":"ImageObject","inLanguage":"de","@id":"https:\/\/medwegwun.bplaced.net\/?page_id=261#primaryimage","url":"https:\/\/medwegwun.bplaced.net\/wp-content\/uploads\/2025\/04\/symbol-licht.jpg","contentUrl":"https:\/\/medwegwun.bplaced.net\/wp-content\/uploads\/2025\/04\/symbol-licht.jpg","width":1264,"height":1169},{"@type":"BreadcrumbList","@id":"https:\/\/medwegwun.bplaced.net\/?page_id=261#breadcrumb","itemListElement":[{"@type":"ListItem","position":1,"name":"Startseite","item":"https:\/\/medwegwun.bplaced.net\/"},{"@type":"ListItem","position":2,"name":"Die Elemente des Meditationsweges","item":"https:\/\/medwegwun.bplaced.net\/?page_id=63"},{"@type":"ListItem","position":3,"name":"Ich bin das Licht der Welt"}]},{"@type":"WebSite","@id":"https:\/\/medwegwun.bplaced.net\/#website","url":"https:\/\/medwegwun.bplaced.net\/","name":"Ökumenischer Meditationsweg Wunsiedel","description":"Ein deutsch-tschechisches Projekt","publisher":{"@id":"https:\/\/medwegwun.bplaced.net\/#organization"},"potentialAction":[{"@type":"SearchAction","target":{"@type":"EntryPoint","urlTemplate":"https:\/\/medwegwun.bplaced.net\/?s={search_term_string}"},"query-input":{"@type":"PropertyValueSpecification","valueRequired":true,"valueName":"search_term_string"}}],"inLanguage":"de"},{"@type":"Organization","@id":"https:\/\/medwegwun.bplaced.net\/#organization","name":"Ökumenischer Meditationsweg Wunsiedel","url":"https:\/\/medwegwun.bplaced.net\/","logo":{"@type":"ImageObject","inLanguage":"de","@id":"https:\/\/medwegwun.bplaced.net\/#\/schema\/logo\/image\/","url":"https:\/\/medwegwun.bplaced.net\/wp-content\/uploads\/2025\/03\/P1070245-1024x768.jpg","contentUrl":"https:\/\/medwegwun.bplaced.net\/wp-content\/uploads\/2025\/03\/P1070245-1024x768.jpg","width":1024,"height":768,"caption":"Ökumenischer Meditationsweg Wunsiedel"},"image":{"@id":"https:\/\/medwegwun.bplaced.net\/#\/schema\/logo\/image\/"},"sameAs":["https:\/\/churchpool.de"]}]}</script>
<!-- / Yoast SEO plugin. -->

Ich bin das Licht der Welt - Ökumenischer Meditationsweg Wunsiedel

gestaltet von Schülerinnen und Schülern der Grundschule Wunsiedel im Jahr 2023/24 Česka verze: Kdo mě následuje, nebude chodit ve tmě, ale bude mít světlo života....

Ökumenischer Meditationsweg Wunsiedel
